t and 13.
13
Let p(q) = 16*q**2 + 27*q. Let r be p(-3). Calculate the greatest common factor of 9 and r.
9
Suppose 0 = -58*h + 56*h + 64. What is the highest common divisor of h and 40?
8
Suppose 3*p - 10*p = 245. Let d be (-2 + -1)*(p/15 + 1). Calculate the greatest common divisor of d and 16.
4
Let d be 3689/6 + ((-1)/(-6) - 0). Let o be (7/35)/(3/d). What is the highest common divisor of 164 and o?
41
Let h(a) = 21*a**2 + 3 + 4*a**2 + 6*a + 3*a**2 - 10*a**2. Let q be h(-2). Calculate the greatest common factor of 7 and q.
7
Let z(v) = 3*v + 8. Let o be z(0). Let t(n) = n**2 - n. Let i be t(-4). Calculate the highest common divisor of o and i.
4
Let c be 16/7 + 38/(-133). Suppose 0*p - 3*p - 11 = -2*j, 4*j - 5*p - 25 = 0. What is the highest common divisor of c and j?
2
Suppose -4*r + 6*r - 706 = -x, -5*x - 3*r + 3516 = 0. What is the greatest common divisor of 26 and x?
26
Suppose 40715 = 78*t - 31279. What is the highest common factor of t and 26?
13
Let g = 85 + -81. Let t(r) = 16*r - 27. Let a be t(g). Calculate the highest common factor of a and 148.
37
Let y(z) = -38*z - 750. Let l be y(-21). What is the greatest common divisor of 216 and l?
24
Let v = -3 - 3. Let l be 4/12 - 82/v. Calculate the greatest common factor of l and 98.
14
Let s = -2442 - -3289. What is the highest common factor of s and 121?
121
Suppose -2*w = -5*w + 228. Suppose -5*p = -z - w + 6, 3*p - 35 = 2*z. Suppose a = 2*i - 0*a - 51, i - 4*a = p. What is the greatest common factor of i and 9?
9
Suppose 5*r - 3*s - 35 = 0, 3*r + 5*s - 25 = 30. Let f be -10*(-6 - (-2)/1). What is the greatest common factor of r and f?
10
Let o(r) = -2*r**3 - 24*r**2 - r + 4. Let u be o(-12). Let x be (-2 + (-10)/(-6))*-12. Calculate the highest common factor of u and x.
4
Let t be 86/3*(-3)/(-3)*-3. Let k = 248 + t. Calculate the highest common divisor of 18 and k.
18
Let n(h) = h**2 - 14*h - 8. Let s be n(15). Suppose 2*r - s = -1. Suppose r*k - 58 = k. What is the highest common divisor of 232 and k?
29
Let m(j) = -5*j**3 + 2*j**2 + 2*j + 1. Let y be m(-1). Suppose 2 = 5*r - y*r. Let i be (r/6)/(3/(-2277)). Calculate the greatest common factor of 23 and i.
23
Suppose 5*h - 73 = 3*m, 2*h - h = 4*m + 1. Let d(s) = -17*s**3 - 2*s**2 + 8. Let f be d(-2). What is the highest common divisor of h and f?
17
Suppose 10*r + 2*r - 168 = 0. Calculate the greatest common factor of 497 and r.
7
Let n = -602 + 972. Calculate the greatest common divisor of n and 10.
10
Let s be ((-6)/(-4))/(1/156). Let a(k) = 25*k**2 - 11*k**3 - 26 - 28*k + 10*k**3 + 2*k**3. Let z be a(-26). What is the highest common factor of z and s?
26
Let g(w) = w**2 + 4*w - 3. Let b be g(5). Suppose -5*u + 103 = 5*t - 27, -4*t = -4*u - 120. What is the greatest common factor of b and t?
14
Let b(f) = 6*f**2 + 87*f + 324. Let g be b(-4). What is the greatest common factor of 264 and g?
24
Suppose 60 = 4*i - w, 2*i = 2*w - 7*w + 30. Calculate the highest common factor of 105 and i.
15
Let s be 2 + ((-4)/6)/(28/(-11634)). What is the highest common divisor of 18 and s?
9
Let j = -28 + 8. Let u be 50/j*(3 + -2 - 41). What is the highest common divisor of u and 25?
25
Suppose 28*b - 32*b = 5*u - 142, 4*b = -2*u + 136. What is the highest common factor of b and 583?
11
Let x(u) = 163*u - 471. Let m be x(3). Let k(n) = n**2 + 5*n + 6. Let d = -2 - 3. Let i be k(d). Calculate the highest common factor of i and m.
6
Let j(r) = -148*r**3 + r. Let c be j(-1). Let n be (-47)/((-188)/(-16)) + (26 - 1). Calculate the greatest common divisor of c and n.
21
Suppose -46 = -2*d - 10*g + 6*g, 0 = 4*d - 3*g - 48. Calculate the highest common divisor of d and 415.
5
Let u be (8/(-5))/(12/(-30)). Let v(i) = 5*i**2 - u*i**2 - 2*i + 5 + 2*i**2. Let c be v(3). Calculate the greatest common divisor of 65 and c.
13
Suppose 1692 = 18*g - 4194. What is the highest common factor of 218 and g?
109
Let a = 592 - 226. Suppose 0 = 4*i + 14 - a. What is the greatest common factor of i and 11?
11
Suppose 5*z + 0*m - 611 = 4*m, 4*m + 373 = 3*z. Suppose -g + 7 = -z. What is the greatest common divisor of 14 and g?
14
Suppose -3*v = 4*q - 32, -2*q + v = -q - 1. Suppose -2*i - l - 3*l + 10 = 0, q*i - 25 = 2*l. What is the greatest common divisor of i and 1?
1
Suppose 4*g + 31 = 3*k, 2*g = 5*k - 2*k - 23. Let i = -7 + 9. Let a be (-1)/(1/(-13)) + i. What is the highest common divisor of k and a?
5
Let i be (2*-1)/(2/(-27)). Suppose 0 = -325*z + 358*z - 891. What is the greatest common factor of i and z?
27
Let x = 12 - 10. Suppose u - x*u - 2 = 0. Let s be (1/u)/(1/(-120)). Calculate the greatest common factor of s and 20.
20
Let p(n) = -n**2 + 12*n - 9. Suppose 3*u = -2*u + 55. Let g be p(u). Suppose -g*d + 113 + 37 = 0. What is the highest common factor of d and 15?
15
Let r = -15 + 17. Suppose -v + 150 = r*z, v + 4*z - 146 = -0*z. Calculate the greatest common factor of 22 and v.
22
Let w(r) = 7*r**2 - 7*r. Let d be w(-5). Calculate the greatest common divisor of d and 42.
42
Let c = -112 - -354. Let w = -217 + c. Let q be (-48)/(-5) - 4/(-10). Calculate the highest common factor of q and w.
5
Let q(m) = -8*m + 17. Suppose 0*r - 24 = 2*r. Let y be q(r). Suppose -23 = -4*k + y. What is the highest common factor of 17 and k?
17
Let f = 13 + -13. Suppose 2*k = 4*k - 10. Suppose f = -k*t + 55 + 30. What is the greatest common factor of 85 and t?
17
Let s be ((-5)/(-20) - (-94)/8) + -2. Calculate the greatest common factor of 190 and s.
10
Let g(h) be the third derivative of h**6/120 + 2*h**5/15 - 5*h**4/8 - 25*h**3/6 + 11*h**2. Let z be g(-9). What is the greatest common divisor of z and 261?
29
Let y(u) = -u**2 + 5*u + 9. Let z be y(5). Suppose -230 = 4*i - z*i + 5*s, 0 = i + s - 42. Let w = -23 - -34. What is the greatest common factor of i and w?
11
Let b(o) = -o**2 + 19*o + 150. Let s be b(18). What is the greatest common factor of 756 and s?
84
Let d be 175/((-25)/10*(-12)/30). What is the highest common divisor of d and 70?
35
Let j be -5 + 1 - 2*(-6 - 96). Let g = -207 + 84. Let l = j + g. Calculate the greatest common factor of l and 11.
11
Suppose -3*o + 1196 = 4*f, 7*f - 3*f + 804 = 2*o. Calculate the greatest common divisor of o and 25.
25
Let l be (7 - 2) + 456 + -11. Calculate the greatest common factor of l and 50.
50
Let q be -1 - -4 - (-54)/(-12)*-10. Calculate the greatest common divisor of 12 and q.
12
Suppose -874 = 2*q + 500. Let w = q + 993. What is the highest common divisor of w and 18?
18
Let m = -24 + 20. Let p be -3 - 0 - (-3 + m). Let k(s) = -s**3 + 5*s**2 - s + 4. Let h be k(p). Calculate the greatest common divisor of 32 and h.
16
Let v = -11 + 49. Let o be (-3 - -3 - 3)*-19. What is the greatest common factor of o and v?
19
Let d = -717 + 804. What is the greatest common factor of 232 and d?
29
Let r be ((-117)/27 + 4)*-231. What is the highest common factor of 1463 and r?
77
Let h = 10 + -12. Let j be 28/3*(-3)/h. Suppose 10*o - j*o = -240. What is the highest common factor of 15 and o?
15
Let p be (-22 - -5)*-1 - 6. Calculate the greatest common divisor of 11 and p.
11
Suppose 5*m + 2*m - 378 = 0. Calculate the greatest common divisor of m and 4.
2
Suppose 0 = y - 3*p + 71, -p = 3*y - 6*p + 201. Let n = 35 + y. Let t = n + 39. What is the highest common divisor of t and 6?
6
Suppose 0 = 12*v - 6*v + 444. Let d = v + 77. What is the highest common divisor of 9 and d?
3
Let f(l) = -3*l**2 - 65*l - 30. Let a be f(-20). What is the highest common divisor of a and 20?
10
Let i be (-8)/3 + 3*(-1)/9. Let u be (3/12 + i)/((-1)/24). Calculate the greatest common factor of 6 and u.
6
Let n be ((-5)/(-4))/((-3)/48). Let y = n + 14. Let i(m) = m**2 + 2*m - 15. Let c be i(y). Calculate the greatest common factor of c and 18.
9
Let t be (2 - 2)*10/20 - -1. Calculate the greatest common divisor of t and 16.
1
Suppose -b + 34 = 2. Suppose b - 2 = -5*j. Let a be 9/(j/(-32)*4). What is the greatest common divisor of 3 and a?
3
Let b(j) = -j**2 - 10*j - 5. Let v be b(-6). What is the greatest common factor of v and 57?
19
Suppose 3*z - 8*z = 3*y - 48, 0 = 5*y - 4*z - 117. Calculate the greatest common divisor of 42 and y.
21
Let a be (1*11)/(0 + 1). Let y be (-1 + 2)/(1125/275 - 4). Calculate the greatest common divisor of y and a.
11
Suppose 178 = 